{"id":15,"date":"2023-09-21T14:34:45","date_gmt":"2023-09-21T14:34:45","guid":{"rendered":"https:\/\/rhyucatan.com\/?page_id=15"},"modified":"2023-11-14T18:09:40","modified_gmt":"2023-11-14T18:09:40","slug":"una-seccion-de-la-pagina-de-inicio","status":"publish","type":"page","link":"https:\/\/rhyucatan.com\/?page_id=15","title":{"rendered":"RECLUTAMIENTO Y SELECCI\u00d3N"},"content":{"rendered":"\t\t<div data-elementor-type=\"wp-page\" data-elementor-id=\"15\" class=\"elementor elementor-15\">\n\t\t\t\t<div class=\"elementor-element elementor-element-6fc1bf2 e-flex e-con-boxed e-con e-parent\" data-id=\"6fc1bf2\" data-element_type=\"container\" data-e-type=\"container\">\n\t\t\t\t\t<div class=\"e-con-inner\">\n\t\t\t\t<div class=\"elementor-element elementor-element-aa71e64 elementor-widget elementor-widget-heading\" data-id=\"aa71e64\" data-element_type=\"widget\" data-e-type=\"widget\" data-widget_type=\"heading.default\">\n\t\t\t\t<div class=\"elementor-widget-container\">\n\t\t\t\t\t<h2 class=\"elementor-heading-title elementor-size-default\">A\u00f1ade aqu\u00ed tu texto de cabecera<\/h2>\t\t\t\t<\/div>\n\t\t\t\t<\/div>\n\t\t\t\t<div class=\"elementor-element elementor-element-5016dd8 animated-slow elementor-invisible elementor-widget elementor-widget-text-editor\" data-id=\"5016dd8\" data-element_type=\"widget\" data-e-type=\"widget\" data-settings=\"{&quot;_animation&quot;:&quot;fadeInUp&quot;}\" data-widget_type=\"text-editor.default\">\n\t\t\t\t<div class=\"elementor-widget-container\">\n\t\t\t\t\t\t\t\t\t<p><strong>N<\/strong>uestro equipo se preocupa por\u00a0 la seguridad de contar con el personal m\u00e1s adecuado para las diversas necesidades de tu empresa. Cubrimos las necesidades de personal de manera integral,\u00a0 nos aseguramos que los candidatos sean acordes al perfil de puesto, que cuenten con las habilidades,\u00a0 de adaptarse a los cambios y filosof\u00eda de tu empresa.<\/p>\t\t\t\t\t\t\t\t<\/div>\n\t\t\t\t<\/div>\n\t\t\t\t\t<\/div>\n\t\t\t\t<\/div>\n\t\t<div class=\"elementor-element elementor-element-94d629f e-flex e-con-boxed e-con e-parent\" data-id=\"94d629f\" data-element_type=\"container\" data-e-type=\"container\">\n\t\t\t\t\t<div class=\"e-con-inner\">\n\t\t\t\t<div class=\"elementor-element elementor-element-b3f189c elementor-invisible elementor-widget elementor-widget-image\" data-id=\"b3f189c\" data-element_type=\"widget\" data-e-type=\"widget\" data-settings=\"{&quot;_animation&quot;:&quot;rotateInDownRight&quot;}\" data-widget_type=\"image.default\">\n\t\t\t\t<div class=\"elementor-widget-container\">\n\t\t\t\t\t\t\t\t\t\t\t\t\t\t\t<img fetchpriority=\"high\" decoding=\"async\" width=\"1024\" height=\"576\" src=\"https:\/\/rhyucatan.com\/wp-content\/uploads\/2023\/11\/entrevista-trabajo-seguridad.jpg-1024x576.webp\" class=\"attachment-large size-large wp-image-827\" alt=\"\" srcset=\"https:\/\/rhyucatan.com\/wp-content\/uploads\/2023\/11\/entrevista-trabajo-seguridad.jpg-1024x576.webp 1024w, https:\/\/rhyucatan.com\/wp-content\/uploads\/2023\/11\/entrevista-trabajo-seguridad.jpg-300x169.webp 300w, https:\/\/rhyucatan.com\/wp-content\/uploads\/2023\/11\/entrevista-trabajo-seguridad.jpg-768x432.webp 768w, https:\/\/rhyucatan.com\/wp-content\/uploads\/2023\/11\/entrevista-trabajo-seguridad.jpg.webp 1200w\" sizes=\"(max-width: 1024px) 100vw, 1024px\" \/>\t\t\t\t\t\t\t\t\t\t\t\t\t\t\t<\/div>\n\t\t\t\t<\/div>\n\t\t\t\t\t<\/div>\n\t\t\t\t<\/div>\n\t\t\t\t<\/div>\n\t\t","protected":false},"excerpt":{"rendered":"<p>A\u00f1ade aqu\u00ed tu texto de cabecera Nuestro equipo se preocupa por\u00a0 la seguridad de contar con el personal m\u00e1s adecuado para las diversas necesidades de tu empresa. Cubrimos las necesidades de personal de manera integral,\u00a0 nos aseguramos que los candidatos sean acordes al perfil de puesto, que cuenten con las habilidades,\u00a0 de adaptarse a los cambios y filosof\u00eda de tu empresa.<\/p>\n","protected":false},"author":1,"featured_media":118,"parent":0,"menu_order":0,"comment_status":"closed","ping_status":"closed","template":"","meta":{"footnotes":""},"class_list":["post-15","page","type-page","status-publish","has-post-thumbnail","hentry"],"yoast_head":"<!-- This site is optimized with the Yoast SEO plugin v26.8 - https:\/\/yoast.com\/product\/yoast-seo-wordpress\/ -->\n<title>RECLUTAMIENTO Y SELECCI\u00d3N -<\/title>\n<meta name=\"robots\" content=\"index, follow, max-snippet:-1, max-image-preview:large, max-video-preview:-1\" \/>\n<link rel=\"canonical\" href=\"https:\/\/rhyucatan.com\/?page_id=15\" \/>\n<meta property=\"og:locale\" content=\"es_ES\" \/>\n<meta property=\"og:type\" content=\"article\" \/>\n<meta property=\"og:title\" content=\"RECLUTAMIENTO Y SELECCI\u00d3N -\" \/>\n<meta property=\"og:description\" content=\"A\u00f1ade aqu\u00ed tu texto de cabecera Nuestro equipo se preocupa por\u00a0 la seguridad de contar con el personal m\u00e1s adecuado para las diversas necesidades de tu empresa. Cubrimos las necesidades de personal de manera integral,\u00a0 nos aseguramos que los candidatos sean acordes al perfil de puesto, que cuenten con las habilidades,\u00a0 de adaptarse a los cambios y filosof\u00eda de tu empresa.\" \/>\n<meta property=\"og:url\" content=\"https:\/\/rhyucatan.com\/?page_id=15\" \/>\n<meta property=\"article:publisher\" content=\"https:\/\/www.facebook.com\/rhyucatanrys?mibextid=ZbWKwL\" \/>\n<meta property=\"article:modified_time\" content=\"2023-11-14T18:09:40+00:00\" \/>\n<meta property=\"og:image\" content=\"https:\/\/rhyucatan.com\/wp-content\/uploads\/2023\/09\/mayor-compromiso-de-equipo-de-trabajo.webp\" \/>\n\t<meta property=\"og:image:width\" content=\"900\" \/>\n\t<meta property=\"og:image:height\" content=\"500\" \/>\n\t<meta property=\"og:image:type\" content=\"image\/webp\" \/>\n<meta name=\"twitter:card\" content=\"summary_large_image\" \/>\n<meta name=\"twitter:label1\" content=\"Tiempo de lectura\" \/>\n\t<meta name=\"twitter:data1\" content=\"1 minuto\" \/>\n<script type=\"application\/ld+json\" class=\"yoast-schema-graph\">{\"@context\":\"https:\/\/schema.org\",\"@graph\":[{\"@type\":\"WebPage\",\"@id\":\"https:\/\/rhyucatan.com\/?page_id=15\",\"url\":\"https:\/\/rhyucatan.com\/?page_id=15\",\"name\":\"RECLUTAMIENTO Y SELECCI\u00d3N -\",\"isPartOf\":{\"@id\":\"https:\/\/rhyucatan.com\/#website\"},\"primaryImageOfPage\":{\"@id\":\"https:\/\/rhyucatan.com\/?page_id=15#primaryimage\"},\"image\":{\"@id\":\"https:\/\/rhyucatan.com\/?page_id=15#primaryimage\"},\"thumbnailUrl\":\"https:\/\/rhyucatan.com\/wp-content\/uploads\/2023\/09\/mayor-compromiso-de-equipo-de-trabajo.webp\",\"datePublished\":\"2023-09-21T14:34:45+00:00\",\"dateModified\":\"2023-11-14T18:09:40+00:00\",\"breadcrumb\":{\"@id\":\"https:\/\/rhyucatan.com\/?page_id=15#breadcrumb\"},\"inLanguage\":\"es\",\"potentialAction\":[{\"@type\":\"ReadAction\",\"target\":[\"https:\/\/rhyucatan.com\/?page_id=15\"]}]},{\"@type\":\"ImageObject\",\"inLanguage\":\"es\",\"@id\":\"https:\/\/rhyucatan.com\/?page_id=15#primaryimage\",\"url\":\"https:\/\/rhyucatan.com\/wp-content\/uploads\/2023\/09\/mayor-compromiso-de-equipo-de-trabajo.webp\",\"contentUrl\":\"https:\/\/rhyucatan.com\/wp-content\/uploads\/2023\/09\/mayor-compromiso-de-equipo-de-trabajo.webp\",\"width\":900,\"height\":500},{\"@type\":\"BreadcrumbList\",\"@id\":\"https:\/\/rhyucatan.com\/?page_id=15#breadcrumb\",\"itemListElement\":[{\"@type\":\"ListItem\",\"position\":1,\"name\":\"Portada\",\"item\":\"https:\/\/rhyucatan.com\/\"},{\"@type\":\"ListItem\",\"position\":2,\"name\":\"RECLUTAMIENTO Y SELECCI\u00d3N\"}]},{\"@type\":\"WebSite\",\"@id\":\"https:\/\/rhyucatan.com\/#website\",\"url\":\"https:\/\/rhyucatan.com\/\",\"name\":\"RH Yucat\u00e1n\",\"description\":\"\",\"publisher\":{\"@id\":\"https:\/\/rhyucatan.com\/#organization\"},\"potentialAction\":[{\"@type\":\"SearchAction\",\"target\":{\"@type\":\"EntryPoint\",\"urlTemplate\":\"https:\/\/rhyucatan.com\/?s={search_term_string}\"},\"query-input\":{\"@type\":\"PropertyValueSpecification\",\"valueRequired\":true,\"valueName\":\"search_term_string\"}}],\"inLanguage\":\"es\"},{\"@type\":\"Organization\",\"@id\":\"https:\/\/rhyucatan.com\/#organization\",\"name\":\"RH Yucat\u00e1n\",\"url\":\"https:\/\/rhyucatan.com\/\",\"logo\":{\"@type\":\"ImageObject\",\"inLanguage\":\"es\",\"@id\":\"https:\/\/rhyucatan.com\/#\/schema\/logo\/image\/\",\"url\":\"https:\/\/rhyucatan.com\/wp-content\/uploads\/2023\/09\/cropped-1233-1.png\",\"contentUrl\":\"https:\/\/rhyucatan.com\/wp-content\/uploads\/2023\/09\/cropped-1233-1.png\",\"width\":370,\"height\":336,\"caption\":\"RH Yucat\u00e1n\"},\"image\":{\"@id\":\"https:\/\/rhyucatan.com\/#\/schema\/logo\/image\/\"},\"sameAs\":[\"https:\/\/www.facebook.com\/rhyucatanrys?mibextid=ZbWKwL\"]}]}<\/script>\n<!-- \/ Yoast SEO plugin. -->","yoast_head_json":{"title":"RECLUTAMIENTO Y SELECCI\u00d3N -","robots":{"index":"index","follow":"follow","max-snippet":"max-snippet:-1","max-image-preview":"max-image-preview:large","max-video-preview":"max-video-preview:-1"},"canonical":"https:\/\/rhyucatan.com\/?page_id=15","og_locale":"es_ES","og_type":"article","og_title":"RECLUTAMIENTO Y SELECCI\u00d3N -","og_description":"A\u00f1ade aqu\u00ed tu texto de cabecera Nuestro equipo se preocupa por\u00a0 la seguridad de contar con el personal m\u00e1s adecuado para las diversas necesidades de tu empresa. Cubrimos las necesidades de personal de manera integral,\u00a0 nos aseguramos que los candidatos sean acordes al perfil de puesto, que cuenten con las habilidades,\u00a0 de adaptarse a los cambios y filosof\u00eda de tu empresa.","og_url":"https:\/\/rhyucatan.com\/?page_id=15","article_publisher":"https:\/\/www.facebook.com\/rhyucatanrys?mibextid=ZbWKwL","article_modified_time":"2023-11-14T18:09:40+00:00","og_image":[{"width":900,"height":500,"url":"https:\/\/rhyucatan.com\/wp-content\/uploads\/2023\/09\/mayor-compromiso-de-equipo-de-trabajo.webp","type":"image\/webp"}],"twitter_card":"summary_large_image","twitter_misc":{"Tiempo de lectura":"1 minuto"},"schema":{"@context":"https:\/\/schema.org","@graph":[{"@type":"WebPage","@id":"https:\/\/rhyucatan.com\/?page_id=15","url":"https:\/\/rhyucatan.com\/?page_id=15","name":"RECLUTAMIENTO Y SELECCI\u00d3N -","isPartOf":{"@id":"https:\/\/rhyucatan.com\/#website"},"primaryImageOfPage":{"@id":"https:\/\/rhyucatan.com\/?page_id=15#primaryimage"},"image":{"@id":"https:\/\/rhyucatan.com\/?page_id=15#primaryimage"},"thumbnailUrl":"https:\/\/rhyucatan.com\/wp-content\/uploads\/2023\/09\/mayor-compromiso-de-equipo-de-trabajo.webp","datePublished":"2023-09-21T14:34:45+00:00","dateModified":"2023-11-14T18:09:40+00:00","breadcrumb":{"@id":"https:\/\/rhyucatan.com\/?page_id=15#breadcrumb"},"inLanguage":"es","potentialAction":[{"@type":"ReadAction","target":["https:\/\/rhyucatan.com\/?page_id=15"]}]},{"@type":"ImageObject","inLanguage":"es","@id":"https:\/\/rhyucatan.com\/?page_id=15#primaryimage","url":"https:\/\/rhyucatan.com\/wp-content\/uploads\/2023\/09\/mayor-compromiso-de-equipo-de-trabajo.webp","contentUrl":"https:\/\/rhyucatan.com\/wp-content\/uploads\/2023\/09\/mayor-compromiso-de-equipo-de-trabajo.webp","width":900,"height":500},{"@type":"BreadcrumbList","@id":"https:\/\/rhyucatan.com\/?page_id=15#breadcrumb","itemListElement":[{"@type":"ListItem","position":1,"name":"Portada","item":"https:\/\/rhyucatan.com\/"},{"@type":"ListItem","position":2,"name":"RECLUTAMIENTO Y SELECCI\u00d3N"}]},{"@type":"WebSite","@id":"https:\/\/rhyucatan.com\/#website","url":"https:\/\/rhyucatan.com\/","name":"RH Yucat\u00e1n","description":"","publisher":{"@id":"https:\/\/rhyucatan.com\/#organization"},"potentialAction":[{"@type":"SearchAction","target":{"@type":"EntryPoint","urlTemplate":"https:\/\/rhyucatan.com\/?s={search_term_string}"},"query-input":{"@type":"PropertyValueSpecification","valueRequired":true,"valueName":"search_term_string"}}],"inLanguage":"es"},{"@type":"Organization","@id":"https:\/\/rhyucatan.com\/#organization","name":"RH Yucat\u00e1n","url":"https:\/\/rhyucatan.com\/","logo":{"@type":"ImageObject","inLanguage":"es","@id":"https:\/\/rhyucatan.com\/#\/schema\/logo\/image\/","url":"https:\/\/rhyucatan.com\/wp-content\/uploads\/2023\/09\/cropped-1233-1.png","contentUrl":"https:\/\/rhyucatan.com\/wp-content\/uploads\/2023\/09\/cropped-1233-1.png","width":370,"height":336,"caption":"RH Yucat\u00e1n"},"image":{"@id":"https:\/\/rhyucatan.com\/#\/schema\/logo\/image\/"},"sameAs":["https:\/\/www.facebook.com\/rhyucatanrys?mibextid=ZbWKwL"]}]}},"_links":{"self":[{"href":"https:\/\/rhyucatan.com\/index.php?rest_route=\/wp\/v2\/pages\/15","targetHints":{"allow":["GET"]}}],"collection":[{"href":"https:\/\/rhyucatan.com\/index.php?rest_route=\/wp\/v2\/pages"}],"about":[{"href":"https:\/\/rhyucatan.com\/index.php?rest_route=\/wp\/v2\/types\/page"}],"author":[{"embeddable":true,"href":"https:\/\/rhyucatan.com\/index.php?rest_route=\/wp\/v2\/users\/1"}],"replies":[{"embeddable":true,"href":"https:\/\/rhyucatan.com\/index.php?rest_route=%2Fwp%2Fv2%2Fcomments&post=15"}],"version-history":[{"count":23,"href":"https:\/\/rhyucatan.com\/index.php?rest_route=\/wp\/v2\/pages\/15\/revisions"}],"predecessor-version":[{"id":1033,"href":"https:\/\/rhyucatan.com\/index.php?rest_route=\/wp\/v2\/pages\/15\/revisions\/1033"}],"wp:featuredmedia":[{"embeddable":true,"href":"https:\/\/rhyucatan.com\/index.php?rest_route=\/wp\/v2\/media\/118"}],"wp:attachment":[{"href":"https:\/\/rhyucatan.com\/index.php?rest_route=%2Fwp%2Fv2%2Fmedia&parent=15"}],"curies":[{"name":"wp","href":"https:\/\/api.w.org\/{rel}","templated":true}]}}